{"id":389,"date":"2026-04-02T10:40:09","date_gmt":"2026-04-02T08:40:09","guid":{"rendered":"https:\/\/cittinformato.netseven.work\/gaia\/gaia-s-p-a\/"},"modified":"2026-04-03T10:32:55","modified_gmt":"2026-04-03T08:32:55","slug":"gaia-s-p-a","status":"publish","type":"page","link":"https:\/\/cittinformato.netseven.work\/gaia\/gaia-s-p-a\/","title":{"rendered":"GAIA S.p.A."},"content":{"rendered":"\n<h2 class=\"wp-block-heading\">Le gestionnaire<\/h2>\n\n\n\n<p>GAIA S.p.A. est une soci\u00e9t\u00e9 \u00e0 capital public qui, depuis le 1er janvier 2005, g\u00e8re le Service Hydrique Int\u00e9gr\u00e9 conform\u00e9ment \u00e0 la Convention stipul\u00e9e avec l&#8217;ancienne Autorit\u00e9 d&#8217;Ambito N.1, aujourd&#8217;hui AIT (Autorit\u00e9 Hydrique Toscane) Conf\u00e9rence territoriale n.1 &#8220;Toscana Nord&#8221;.<br>Le Service Hydrique Int\u00e9gr\u00e9 en gestion est constitu\u00e9 par l&#8217;ensemble des services publics de captage, d&#8217;adduction et de distribution d&#8217;eau et d&#8217;assainissement et d&#8217;\u00e9puration des eaux us\u00e9es, ainsi que de traitement des boues r\u00e9siduelles, conform\u00e9ment \u00e0 la r\u00e9glementation en vigueur.<br>GAIA g\u00e8re les services hydriques sur un territoire qui comprend la grande majorit\u00e9 des communes de la Province de Lucca (Garfagnana, Media Valle del Serchio, Versilia), trois communes de la Val di Lima dans la Province de Pistoia et les communes de la Province de Massa (sauf Zeri).<br>Le territoire s&#8217;\u00e9tend sur 45 communes, pour un total de 2 586 km\u00b2, comptant 445 515 habitants (donn\u00e9es Istat 2011) et environ 260 000 usagers.<br>Le r\u00e9seau d&#8217;adduction a une longueur totale d&#8217;environ 5 200 km et le r\u00e9seau d&#8217;assainissement de plus de 1 900 km, tandis que les stations d&#8217;\u00e9puration actives sont au nombre de 490.<\/p>\n\n\n\n<h2 class=\"wp-block-heading\">Liens utiles<\/h2>\n\n\n\n<div class=\"wp-block-columns is-layout-flex wp-container-core-columns-is-layout-9d6595d7 wp-block-columns-is-layout-flex\">\n<div class=\"wp-block-column is-layout-flow wp-block-column-is-layout-flow\"><a href=\"https:\/\/www.gaia-spa.it\/\"\n     target=\"_blank\"\n     rel=\"noopener noreferrer\"\n     class=\"rtds:flex rtds:items-start rtds:gap-4 rtds:p-4 rtds:bg-white rtds:border rtds:border-primary-200 rtds:rounded-xl rtds:no-underline rtds:transition-colors rtds:hover:border-primary-600 rtds:not-first:mt-5\">\n    <span class=\"rtds:flex-1 rtds:font-serif rtds:font-semibold rtds:text-base rtds:leading-snug rtds:text-primary-700\">\n      Sito ufficiale\n    <\/span>\n    <span class=\"rtds:shrink-0 rtds:flex rtds:items-center rtds:justify-center rtds:size-6 rtds:rounded-full rtds:border rtds:border-primary-600\">\n      <svg width=\"12\" height=\"12\" viewBox=\"0 0 20 20\" fill=\"currentColor\" class=\"rtds:text-primary-600\" aria-hidden=\"true\">\n        <path d=\"M5.22 14.78a.75.75 0 0 0 1.06 0l7.22-7.22v5.69a.75.75 0 0 0 1.5 0v-7.5a.75.75 0 0 0-.75-.75h-7.5a.75.75 0 0 0 0 1.5h5.69l-7.22 7.22a.75.75 0 0 0 0 1.06Z\" \/>\n      <\/svg>\n    <\/span>\n  <\/a>\n<\/div>\n\n\n\n<div class=\"wp-block-column is-layout-flow wp-block-column-is-layout-flow\"><\/div>\n<\/div>\n\n\n\n<p><\/p>\n","protected":false},"excerpt":{"rendered":"<p>Gestore del servizio idrico integrato per 45 Comuni della Toscana Nord, a servizio di oltre 445.000 abitanti tra le province di Lucca, Pistoia e Massa.<\/p>\n","protected":false},"author":1,"featured_media":387,"parent":0,"menu_order":0,"comment_status":"closed","ping_status":"closed","template":"template-pagina-informativa.blade.php","meta":{"_acf_changed":false,"xn-wppe-expiration":[],"xn-wppe-expiration-action":[],"xn-wppe-expiration-prefix":[],"footnotes":""},"categories":[],"tags":[],"class_list":["post-389","page","type-page","status-publish","has-post-thumbnail","hentry"],"acf":[],"_links":{"self":[{"href":"https:\/\/cittinformato.netseven.work\/gaia\/wp-json\/wp\/v2\/pages\/389","targetHints":{"allow":["GET"]}}],"collection":[{"href":"https:\/\/cittinformato.netseven.work\/gaia\/wp-json\/wp\/v2\/pages"}],"about":[{"href":"https:\/\/cittinformato.netseven.work\/gaia\/wp-json\/wp\/v2\/types\/page"}],"author":[{"embeddable":true,"href":"https:\/\/cittinformato.netseven.work\/gaia\/wp-json\/wp\/v2\/users\/1"}],"replies":[{"embeddable":true,"href":"https:\/\/cittinformato.netseven.work\/gaia\/wp-json\/wp\/v2\/comments?post=389"}],"version-history":[{"count":2,"href":"https:\/\/cittinformato.netseven.work\/gaia\/wp-json\/wp\/v2\/pages\/389\/revisions"}],"predecessor-version":[{"id":392,"href":"https:\/\/cittinformato.netseven.work\/gaia\/wp-json\/wp\/v2\/pages\/389\/revisions\/392"}],"wp:featuredmedia":[{"embeddable":true,"href":"https:\/\/cittinformato.netseven.work\/gaia\/wp-json\/wp\/v2\/media\/387"}],"wp:attachment":[{"href":"https:\/\/cittinformato.netseven.work\/gaia\/wp-json\/wp\/v2\/media?parent=389"}],"wp:term":[{"taxonomy":"category","embeddable":true,"href":"https:\/\/cittinformato.netseven.work\/gaia\/wp-json\/wp\/v2\/categories?post=389"},{"taxonomy":"post_tag","embeddable":true,"href":"https:\/\/cittinformato.netseven.work\/gaia\/wp-json\/wp\/v2\/tags?post=389"}],"curies":[{"name":"wp","href":"https:\/\/api.w.org\/{rel}","templated":true}]}}