{"id":386,"date":"2026-04-02T10:40:09","date_gmt":"2026-04-02T08:40:09","guid":{"rendered":"https:\/\/cittinformato.netseven.work\/acquedotto_del_fiora\/acquedotto-del-fiora-s-p-a\/"},"modified":"2026-04-03T10:36:43","modified_gmt":"2026-04-03T08:36:43","slug":"acquedotto-del-fiora-s-p-a","status":"publish","type":"page","link":"https:\/\/cittinformato.netseven.work\/acquedotto_del_fiora\/acquedotto-del-fiora-s-p-a\/","title":{"rendered":"Acquedotto del Fiora S.p.A."},"content":{"rendered":"\n<h2 class=\"wp-block-heading\">Le gestionnaire<\/h2>\n\n\n\n<p>L&#8217;Acquedotto del Fiora SPA est le <strong>Gestionnaire Unique du Service Hydrique Int\u00e9gr\u00e9 <\/strong>dans la <strong>Conf\u00e9rence Territoriale n. 6 &#8220;Ombrone&#8221; <\/strong>de l&#8217;<strong>Autorit\u00e9 Hydrique Toscane. <\/strong>La soci\u00e9t\u00e9 g\u00e8re l&#8217;ensemble des services de captage, d&#8217;adduction et de distribution d&#8217;eau \u00e0 usage civil, d&#8217;assainissement et d&#8217;\u00e9puration des eaux us\u00e9es, ainsi que les installations de traitement tertiaire des eaux et leur r\u00e9utilisation \u00e0 des fins d&#8217;irrigation et industrielles. Acquedotto del Fiora SPA con\u00e7oit, met en \u0153uvre et g\u00e8re les installations de dessalement d&#8217;eau de mer et d&#8217;eaux saum\u00e2tres pour usage potable.<\/p>\n\n\n\n<p>Les activit\u00e9s de gestion du Service Hydrique Int\u00e9gr\u00e9 concernent les r\u00e9seaux (adduction et assainissement) et les installations (stations de potabilisation, d&#8217;\u00e9puration, de dessalement, de relevage) de 55 communes des provinces de <strong>Grosseto et Siena <\/strong>qui composent la Conf\u00e9rence Territoriale n.6 Ombrone, la plus vaste de la r\u00e9gion Toscane, avec une superficie de plus de <strong>7 600 km\u00b2 <\/strong>et une population r\u00e9sidente de plus de <strong>407 000 habitants (la plus faible densit\u00e9 de population d&#8217;Italie \u2013 environ 54 hab\/km\u00b2)<\/strong> qui, durant la saison estivale, atteint des pics sup\u00e9rieurs \u00e0 <strong>800 000 personnes<\/strong>.<br>La structure g\u00e9r\u00e9e de l&#8217;Acquedotto se compose de<strong> 9 079 km de r\u00e9seaux d&#8217;adduction et de 3 211 km de r\u00e9seaux d&#8217;assainissement ainsi que de 2 694 installations g\u00e9r\u00e9es. Le service d&#8217;assainissement et d&#8217;\u00e9puration est fourni \u00e0 environ 84 % des usagers, un pourcentage qui augmente consid\u00e9rablement si l&#8217;on consid\u00e8re que 13 % de la population r\u00e9sidente dispose de son propre syst\u00e8me d&#8217;assainissement et d&#8217;\u00e9puration.<\/strong><\/p>\n\n\n\n<p><strong>Le nombre total d&#8217;usagers s&#8217;\u00e9l\u00e8ve \u00e0 environ 234 122, pour lesquels une consommation pr\u00e9visionnelle pour l&#8217;ann\u00e9e 2014 d&#8217;environ 29,3 millions de m\u00e8tres cubes d&#8217;eau a \u00e9t\u00e9 estim\u00e9e.<\/strong> Un territoire sur lequel Acquedotto del Fiora m\u00e8ne un important programme d&#8217;investissements (Plan d&#8217;Ambito) ; <strong>environ 500 millions d&#8217;euros sont pr\u00e9vus jusqu&#8217;\u00e0 la fin de la Convention<\/strong>.<\/p>\n\n\n\n<p>Pour 2015, la <strong>valeur de la production<\/strong> est d&#8217;environ <strong>103,15 M\u20ac tandis que les investissements nets r\u00e9alis\u00e9s s&#8217;\u00e9l\u00e8vent \u00e0 38,5 M\u20ac brut de contributions.<\/strong><\/p>\n\n\n\n<p><strong>L&#8217;effectif moyen<\/strong> en 2015 se compose de <strong>409 personnes<\/strong>.<\/p>\n\n\n\n<p>L&#8217;eau distribu\u00e9e est pr\u00e9lev\u00e9e pour pr\u00e8s de 50 % aux sources du Fiora situ\u00e9es sur le Monte Amiata, tandis que dans la zone de Siena, l&#8217;installation la plus importante est l&#8217;aqueduc du Vivo qui puise l&#8217;eau des trois sources de l&#8217;Amiata Ermicciolo, Ente et Burlana, situ\u00e9es dans la zone de Vivo d&#8217;Orcia.<\/p>\n\n\n\n<h2 class=\"wp-block-heading\">Les dimensions<\/h2>\n\n\n\n<p>Voici les principales dimensions du service g\u00e9r\u00e9 :<\/p>\n\n\n\n<h3 class=\"wp-block-heading\">R\u00e9seau d&#8217;eau<\/h3>\n\n\n<div class=\"rtds:my-6 rtds:bg-primary-300 rtds:border rtds:border-primary-200 rtds:rounded-xl rtds:p-6 rtds:grid rtds:grid-cols-1 rtds:sm:grid-cols-2 rtds:lg:grid-cols-3 rtds:gap-5\">\n          <div class=\"rtds:bg-white rtds:rounded-xl rtds:p-6 rtds:flex rtds:flex-col rtds:gap-2\">\n        <span class=\"rtds:font-serif rtds:font-semibold rtds:text-28px rtds:leading-tight rtds:text-primary-700\">\n          7\n        <\/span>\n        <div class=\"rtds:font-sans rtds:font-semibold rtds:text-base rtds:leading-normal rtds:text-neutral-600 rtds:uppercase\">\n          <p>Captages de surface<\/p>\n\n        <\/div>\n      <\/div>\n          <div class=\"rtds:bg-white rtds:rounded-xl rtds:p-6 rtds:flex rtds:flex-col rtds:gap-2\">\n        <span class=\"rtds:font-serif rtds:font-semibold rtds:text-28px rtds:leading-tight rtds:text-primary-700\">\n          297\n        <\/span>\n        <div class=\"rtds:font-sans rtds:font-semibold rtds:text-base rtds:leading-normal rtds:text-neutral-600 rtds:uppercase\">\n          <p>Installation de st\u00e9rilisation<\/p>\n\n        <\/div>\n      <\/div>\n          <div class=\"rtds:bg-white rtds:rounded-xl rtds:p-6 rtds:flex rtds:flex-col rtds:gap-2\">\n        <span class=\"rtds:font-serif rtds:font-semibold rtds:text-28px rtds:leading-tight rtds:text-primary-700\">\n          40\n        <\/span>\n        <div class=\"rtds:font-sans rtds:font-semibold rtds:text-base rtds:leading-normal rtds:text-neutral-600 rtds:uppercase\">\n          <p>Stations de traitement de l&#8217;eau potable<\/p>\n\n        <\/div>\n      <\/div>\n          <div class=\"rtds:bg-white rtds:rounded-xl rtds:p-6 rtds:flex rtds:flex-col rtds:gap-2\">\n        <span class=\"rtds:font-serif rtds:font-semibold rtds:text-28px rtds:leading-tight rtds:text-primary-700\">\n          309\n        <\/span>\n        <div class=\"rtds:font-sans rtds:font-semibold rtds:text-base rtds:leading-normal rtds:text-neutral-600 rtds:uppercase\">\n          <p>\u00c9quipements de levage<\/p>\n\n        <\/div>\n      <\/div>\n          <div class=\"rtds:bg-white rtds:rounded-xl rtds:p-6 rtds:flex rtds:flex-col rtds:gap-2\">\n        <span class=\"rtds:font-serif rtds:font-semibold rtds:text-28px rtds:leading-tight rtds:text-primary-700\">\n          105\n        <\/span>\n        <div class=\"rtds:font-sans rtds:font-semibold rtds:text-base rtds:leading-normal rtds:text-neutral-600 rtds:uppercase\">\n          <p>R\u00e9partiteurs<\/p>\n\n        <\/div>\n      <\/div>\n          <div class=\"rtds:bg-white rtds:rounded-xl rtds:p-6 rtds:flex rtds:flex-col rtds:gap-2\">\n        <span class=\"rtds:font-serif rtds:font-semibold rtds:text-28px rtds:leading-tight rtds:text-primary-700\">\n          228\n        <\/span>\n        <div class=\"rtds:font-sans rtds:font-semibold rtds:text-base rtds:leading-normal rtds:text-neutral-600 rtds:uppercase\">\n          <p>Puits<\/p>\n\n        <\/div>\n      <\/div>\n          <div class=\"rtds:bg-white rtds:rounded-xl rtds:p-6 rtds:flex rtds:flex-col rtds:gap-2\">\n        <span class=\"rtds:font-serif rtds:font-semibold rtds:text-28px rtds:leading-tight rtds:text-primary-700\">\n          844\n        <\/span>\n        <div class=\"rtds:font-sans rtds:font-semibold rtds:text-base rtds:leading-normal rtds:text-neutral-600 rtds:uppercase\">\n          <p>R\u00e9servoirs (r\u00e9servoirs-s\u00e9parateurs)<\/p>\n\n        <\/div>\n      <\/div>\n          <div class=\"rtds:bg-white rtds:rounded-xl rtds:p-6 rtds:flex rtds:flex-col rtds:gap-2\">\n        <span class=\"rtds:font-serif rtds:font-semibold rtds:text-28px rtds:leading-tight rtds:text-primary-700\">\n          296\n        <\/span>\n        <div class=\"rtds:font-sans rtds:font-semibold rtds:text-base rtds:leading-normal rtds:text-neutral-600 rtds:uppercase\">\n          <p>Sources<\/p>\n\n        <\/div>\n      <\/div>\n      <\/div>\n\n\n\n<h3 class=\"wp-block-heading\">Assainissement et \u00e9puration<\/h3>\n\n\n<div class=\"rtds:my-6 rtds:bg-primary-300 rtds:border rtds:border-primary-200 rtds:rounded-xl rtds:p-6 rtds:grid rtds:grid-cols-1 rtds:sm:grid-cols-2 rtds:lg:grid-cols-3 rtds:gap-5\">\n          <div class=\"rtds:bg-white rtds:rounded-xl rtds:p-6 rtds:flex rtds:flex-col rtds:gap-2\">\n        <span class=\"rtds:font-serif rtds:font-semibold rtds:text-28px rtds:leading-tight rtds:text-primary-700\">\n          302\n        <\/span>\n        <div class=\"rtds:font-sans rtds:font-semibold rtds:text-base rtds:leading-normal rtds:text-neutral-600 rtds:uppercase\">\n          <p>Stations d&#8217;\u00e9puration et fosses Imhoff<\/p>\n\n        <\/div>\n      <\/div>\n          <div class=\"rtds:bg-white rtds:rounded-xl rtds:p-6 rtds:flex rtds:flex-col rtds:gap-2\">\n        <span class=\"rtds:font-serif rtds:font-semibold rtds:text-28px rtds:leading-tight rtds:text-primary-700\">\n          266\n        <\/span>\n        <div class=\"rtds:font-sans rtds:font-semibold rtds:text-base rtds:leading-normal rtds:text-neutral-600 rtds:uppercase\">\n          <p>Remont\u00e9es d&#8217;eaux us\u00e9es<\/p>\n\n        <\/div>\n      <\/div>\n      <\/div>\n\n\n\n<h2 class=\"wp-block-heading\">Liens utiles<\/h2>\n\n\n\n<div class=\"wp-block-columns is-layout-flex wp-container-core-columns-is-layout-9d6595d7 wp-block-columns-is-layout-flex\">\n<div class=\"wp-block-column is-layout-flow wp-block-column-is-layout-flow\"><a href=\"http:\/\/www.fiora.it\/\"\n     target=\"_blank\"\n     rel=\"noopener noreferrer\"\n     class=\"rtds:flex rtds:items-start rtds:gap-4 rtds:p-4 rtds:bg-white rtds:border rtds:border-primary-200 rtds:rounded-xl rtds:no-underline rtds:transition-colors rtds:hover:border-primary-600 rtds:not-first:mt-5\">\n    <span class=\"rtds:flex-1 rtds:font-serif rtds:font-semibold rtds:text-base rtds:leading-snug rtds:text-primary-700\">\n      Sito ufficiale\n    <\/span>\n    <span class=\"rtds:shrink-0 rtds:flex rtds:items-center rtds:justify-center rtds:size-6 rtds:rounded-full rtds:border rtds:border-primary-600\">\n      <svg width=\"12\" height=\"12\" viewBox=\"0 0 20 20\" fill=\"currentColor\" class=\"rtds:text-primary-600\" aria-hidden=\"true\">\n        <path d=\"M5.22 14.78a.75.75 0 0 0 1.06 0l7.22-7.22v5.69a.75.75 0 0 0 1.5 0v-7.5a.75.75 0 0 0-.75-.75h-7.5a.75.75 0 0 0 0 1.5h5.69l-7.22 7.22a.75.75 0 0 0 0 1.06Z\" \/>\n      <\/svg>\n    <\/span>\n  <\/a>\n<\/div>\n\n\n\n<div class=\"wp-block-column is-layout-flow wp-block-column-is-layout-flow\"><\/div>\n<\/div>\n\n\n\n<p><\/p>\n","protected":false},"excerpt":{"rendered":"<p>Op\u00e9rateur unique du service int\u00e9gr\u00e9 de l&#8217;eau de la Conf\u00e9rence territoriale n\u00b0 6 Ombrone, desservant 55 communes des provinces de Grosseto et de Sienne sur plus de 7 600 km\u00b2.<\/p>\n","protected":false},"author":1,"featured_media":380,"parent":0,"menu_order":0,"comment_status":"closed","ping_status":"closed","template":"template-pagina-informativa.blade.php","meta":{"_acf_changed":false,"xn-wppe-expiration":[],"xn-wppe-expiration-action":[],"xn-wppe-expiration-prefix":[],"footnotes":""},"categories":[],"tags":[],"class_list":["post-386","page","type-page","status-publish","has-post-thumbnail","hentry"],"acf":[],"_links":{"self":[{"href":"https:\/\/cittinformato.netseven.work\/acquedotto_del_fiora\/wp-json\/wp\/v2\/pages\/386","targetHints":{"allow":["GET"]}}],"collection":[{"href":"https:\/\/cittinformato.netseven.work\/acquedotto_del_fiora\/wp-json\/wp\/v2\/pages"}],"about":[{"href":"https:\/\/cittinformato.netseven.work\/acquedotto_del_fiora\/wp-json\/wp\/v2\/types\/page"}],"author":[{"embeddable":true,"href":"https:\/\/cittinformato.netseven.work\/acquedotto_del_fiora\/wp-json\/wp\/v2\/users\/1"}],"replies":[{"embeddable":true,"href":"https:\/\/cittinformato.netseven.work\/acquedotto_del_fiora\/wp-json\/wp\/v2\/comments?post=386"}],"version-history":[{"count":2,"href":"https:\/\/cittinformato.netseven.work\/acquedotto_del_fiora\/wp-json\/wp\/v2\/pages\/386\/revisions"}],"predecessor-version":[{"id":390,"href":"https:\/\/cittinformato.netseven.work\/acquedotto_del_fiora\/wp-json\/wp\/v2\/pages\/386\/revisions\/390"}],"wp:featuredmedia":[{"embeddable":true,"href":"https:\/\/cittinformato.netseven.work\/acquedotto_del_fiora\/wp-json\/wp\/v2\/media\/380"}],"wp:attachment":[{"href":"https:\/\/cittinformato.netseven.work\/acquedotto_del_fiora\/wp-json\/wp\/v2\/media?parent=386"}],"wp:term":[{"taxonomy":"category","embeddable":true,"href":"https:\/\/cittinformato.netseven.work\/acquedotto_del_fiora\/wp-json\/wp\/v2\/categories?post=386"},{"taxonomy":"post_tag","embeddable":true,"href":"https:\/\/cittinformato.netseven.work\/acquedotto_del_fiora\/wp-json\/wp\/v2\/tags?post=386"}],"curies":[{"name":"wp","href":"https:\/\/api.w.org\/{rel}","templated":true}]}}